se 6) in base 3?
-10
Convert -90 (base 12) to base 10.
-108
Convert 151 (base 11) to base 12.
129
-6 (base 7) to base 3
-20
66 (base 7) to base 16
30
-11 (base 7) to base 14
-8
Convert 11 (base 6) to base 2.
111
Convert 11 (base 6) to base 11.
7
What is 100 (base 3) in base 11?
9
What is -211 (base 12) in base 3?
-102011
What is -17 (base 13) in base 6?
-32
What is -86 (base 13) in base 8?
-156
-113 (base 5) to base 13
-27
4 (base 10) to base 6
4
75 (base 15) to base 4
1232
Convert ca (base 13) to base 10.
166
Convert -113 (base 4) to base 7.
-32
Convert 1001 (base 2) to base 10.
9
What is 233 (base 7) in base 3?
11112
Convert -6 (base 8) to base 4.
-12
1 (base 11) to base 15
1
Convert 10 (base 14) to base 7.
20
4 (base 16) to base 13
4
What is -25 (base 6) in base 11?
-16
Convert -10 (base 3) to base 13.
-3
33 (base 4) to base 12
13
What is 0 (base 12) in base 2?
0
Convert -2 (base 10) to base 5.
-2
Convert 7 (base 11) to base 7.
10
Convert -6 (base 12) to base 4.
-12
Convert -1142 (base 5) to base 6.
-444
-3 (base 11) to base 8
-3
Convert 10 (base 8) to base 2.
1000
Convert -2 (base 16) to base 6.
-2
What is 56 (base 7) in base 16?
29
What is -41 (base 5) in base 6?
-33
11000101 (base 2) to base 6
525
-2 (base 15) to base 12
-2
What is 3 (base 14) in base 10?
3
5 (base 16) to base 13
5
126 (base 11) to base 15
9e
-10 (base 5) to base 12
-5
330 (base 7) to base 4
2220
What is -30 (base 14) in base 7?
-60
-54 (base 8) to base 10
-44
-48 (base 13) to base 3
-2020
Convert 12 (base 13) to base 6.
23
What is -1000 (base 2) in base 9?
-8
1 (base 8) to base 5
1
What is 2 (base 5) in base 9?
2
What is 11 (base 7) in base 11?
8
Convert 6 (base 11) to base 5.
11
3 (base 16) to base 5
3
Convert -3 (base 16) to base 9.
-3
What is -51 (base 6) in base 5?
-111
Convert -6 (base 7) to base 8.
-6
Convert -3 (base 14) to base 7.
-3
-12 (base 6) to base 12
-8
Convert -1c (base 15) to base 11.
-25
Convert -11 (base 4) to base 13.
-5
Convert -5 (base 6) to base 7.
-5
Convert 143 (base 12) to base 6.
523
What is -4 (base 6) in base 5?
-4
Convert -c6 (base 13) to base 14.
-b8
What is 5 (base 7) in base 9?
5
-1 (base 7) to base 13
-1
Convert 0 (base 14) to base 12.
0
1320 (base 5) to base 12
156
50 (base 7) to base 5
120
What is 1104 (base 5) in base 12?
10a
What is 1022 (base 3) in base 2?
100011
Convert 2 (base 15) to base 7.
2
-2 (base 12) to base 5
-2
What is -3 (base 15) in base 4?
-3
What is -4 (base 13) in base 14?
-4
Convert 5 (base 10) to base 9.
5
-123 (base 5) to base 12
-32
What is 75 (base 8) in base 6?
141
Convert -47 (base 12) to base 8.
-67
Convert 3 (base 11) to base 14.
3
What is -1120 (base 3) in base 15?
-2c
1 (base 7) to base 16
1
-10 (base 4) to base 6
-4
Convert -154 (base 6) to base 14.
-50
5 (base 12) to base 6
5
32 (base 8) to base 2
11010
5 (base 8) to base 2
101
Convert 71 (base 16) to base 11.
a3
What is -7 (base 14) in base 4?
-13
-b (base 14) to base 10
-11
What is 22 (base 5) in base 7?
15
What is -5 (base 9) in base 7?
-5
What is 31 (base 16) in base 10?
49
What is 10 (base 5) in base 16?
5
-121 (base 10) to base 14
-89
c4 (base 15) to base 8
270
-33 (base 11) to base 5
-121
Convert 1 (base 14) to base 16.
1
Convert 2 (base 15) to base 16.
2
What is 12 (base 3) in base 15?
5
What is -2 (base 10) in base 5?
-2
Convert 201 (base 4) to base 16.
21
What is 251 (base 8) in base 2?
10101001
What is 303 (base 10) in base 11?
256
What is 1 (base 8) in base 11?
1
Convert 200 (base 3) to base 6.
30
7 (base 13) to base 15
7
Convert 28a (base 11) to base 4.
11110
3 (base 6) to base 13
3
10020 (base 3) to base 15
5c
52 (base 14) to base 7
132
What is 140 (base 5) in base 14?
33
-9 (base 13) to base 14
-9
-13 (base 6) to base 7
-12
What is -231 (base 9) in base 12?
-13a
What is 10 (base 5) in base 9?
5
Convert -8 (base 9) to base 2.
-1000
Convert 4 (base 13) to base 7.
4
What is -1 (base 5) in base 13?
-1
Convert 3 (base 4) to base 12.
3
Convert 79 (base 14) to base 4.
1223
1 (base 4) to base 13
1
Convert -100011 (base 2) to base 8.
-43
Convert -2 (base 7) to base 11.
-2
What is 3 (base 13) in base 4?
3
19 (base 16) to base 5
100
What is -3 (base 8) in base 14?
-3
Convert 3 (base 14) to base 16.
3
What is 2 (base 6) in base 16?
2
112 (base 3) to base 11
13
1 (base 8) to base 12
1
What is -6 (base 16) in base 3?
-20
Convert -199 (base 14) to base 9.
-407
What is 1212 (base 3) in base 11?
46
Convert -4 (base 16) to base 11.
-4
Convert -9 (base 14) to base 4.
-21
0 (base 3) to base 8
0
Convert 6 (base 15) to base 8.
6
What is -13 (base 8) in base 2?
-1011
Convert -21 (base 9) to base 16.
-13
What is 27 (base 10) in base 13?
21
-3 (base 16) to base 8
-3
11 (base 2) to base 4
3
Convert 0 (base 5) to base 7.
0
32 (base 5) to base 15
12
What is 1 (base 14) in base 9?
1
Convert 13 (base 5) to base 14.
8
Convert 7 (base 10) to base 2.
111
-202 (base 3) to base 2
-10100
Convert 23 (base 6) to base 16.
f
What is -6 (base 7) in base 5?
-11
44 (base 7) to base 12
28
What is 1 (base 7) in base 14?
1
Convert b6 (base 12) to base 5.
1023
What is 100010100 (base 2) in base 8?
424
Convert 2 (base 7) to base 3.
2
What is 0 (base 13) in base 15?
0
21 (base 6) to base 9
14
Convert 3 (base 16) to base 15.
3
-11 (base 2) to base 6
-3
3b (base 15) to base 8
70
Convert 44 (base 10) to base 14.
32
What is -2101 (base 4) in base 8?
-221
-7 (base 14) to base 12
-7
-1011 (base 2) to base 14
-b
Convert -14 (base 5) to base 12.
-9
-a (base 13) to base 5
-20
What is 3 (base 4) in base 3?
10
-1 (base 14) to base 2
-1
What is 14c (base 13) in base 3?
22122
Convert 2 (base 3) to base 14.
2
100221 (base 3) to base 11
224
What is 0 (base 15) in base 2?
0
Convert -5 (base 9) to base 6.
-5
-48 (base 9) to base 14
-32
What is 7 (base 16) in base 10?
7
4 (base 11) to base 5
4
Convert -3 (base 4) to base 2.
-11
4b (base 13) to base 6
143
13 (base 8) to base 5
21
Convert 34 (base 10) to base 9.
37
What is 7a (base 12) in base 14?
6a
What is 100110 (base 2) in base 14?
2a
Convert 20 (base 14) to base 2.
11100
75 (base 15) to base 13
86
-57 (base 11) to base 9
-68
What is 0 (base 7) in base 9?
0
Convert -10 (base 14) to base 11.
-13
Convert -1 (base 10) to base 11.
-1
What is 2020 (base 3) in base 7?
114
13 (base 7) to base 5
20
-1a (base 12) to base 6
-34
What is -43 (base 6) in base 3?
-1000
0 (base 11) to base 2
0
3c (base 15) to base 3
2010
Convert 1100 (base 2) to base 9.
13
What is -176 (base 14) in base 8?
-454
Convert -2 (base 5) to base 14.
-2
6 (base 14) to base 10
6
-9 (base 15) to base 7
-12
Convert -7 (base 13) to base 16.
-7
What is -1 (base 16) in base 6?
-1
What is 3c (base 14) in base 3?
2000
0 (base 14) to base 13
0
What is 0 (base 15) in base 4?
0
What is -10100101 (base 2) in base 14?
-bb
What is 1c (base 14) in base 6?
42
Convert 20 (base 11) to base 8.
26
1 (base 3) to base 12
1
Convert -1012 (base 4) to base 7.
-130
-1 (base 2) to base 8
-1
What is 1001100 (base 2) in base 3?
2211
Convert -220 (base 5) to base 3.
-2020
20 (base 3) to base 5
11
-1001 (base 2) to base 3
-100
Convert 24 (base 12) to base 11.
26
2022 (base 5) to base 4
10012
Convert -7 (base 8) to base 2.
-111
-24 (base 8) to base 13
-17
-11 (base 3) to base 7
-4
Convert -31 (base 7) to base 8.
-26
What is 20 (base 7) in base 9?
15
31 (base 15) to base 8
56
Convert -2a (base 16) to base 2.
-101010
Convert 1 (base 8) to base 5.
1
-100 (base 3) to base 11
-9
Convert -2 (base 4) to base 7.
-2
What is 7 (base 11) in base 10?
7
Convert -16 (base 8) to base 11.
-13
0 (base 15) to base 7
0
What is -16 (base 9) in base 3?
-120
What is -122 (base 6) in base 8?
-62
Convert -114 (base 14) to base 11.
-185
-116 (base 7) to base 4
-332
What is -1011 (base 3) in base 11?
-29
What is 1 (base 7) in base 2?
1
What is 13 (base 9) in base 4?
30
What is 14 (base 6) in base 8?
12
Convert -9 (base 15) to base 2.
-1001
Convert 0 (base 12) to base 11.
0
Convert -16 (base 16) to base 7.
-31
Convert -155 (base 10) to base 5.
-1110
-321 (base 8) to base 16
-d1
5 (base 15) to base 11
5
Convert -1062 (base 7) to base 2.
-110000011
Convert -6 (base 7) to base 11.
-6
12 (base 3) to base 12
5
What is 1 (base 4) in base 7?
1
Convert 0 (base 3) to base 4.
0
What is 10 (base 14) in base 4?
32
6 (base 9) to base 2
110
Convert -6 (base 1